alculate the highest common factor of 2107 and 2317399.
301
Calculate the highest common factor of 1152 and 864.
288
What is the greatest common divisor of 21823 and 139?
139
What is the greatest common divisor of 342335 and 140?
35
What is the greatest common divisor of 202189 and 117?
13
What is the highest common divisor of 2861503 and 268?
67
What is the highest common divisor of 260829 and 292?
73
Calculate the greatest common factor of 23144 and 803.
11
What is the greatest common divisor of 510 and 107661?
51
Calculate the greatest common divisor of 568 and 363449.
71
Calculate the highest common divisor of 252 and 5027778.
126
Calculate the highest common factor of 2501 and 492.
41
Calculate the greatest common divisor of 43200 and 60.
60
Calculate the highest common factor of 410 and 813440.
410
What is the greatest common factor of 4173 and 19773?
39
Calculate the highest common factor of 78 and 61906.
26
Calculate the greatest common divisor of 2875 and 9729.
23
Calculate the greatest common factor of 24 and 387064.
8
What is the highest common factor of 10540 and 460598?
1054
Calculate the highest common divisor of 117924 and 6.
6
What is the greatest common factor of 2169 and 27142866?
2169
What is the highest common divisor of 36312 and 6120?
408
Calculate the highest common divisor of 444 and 62.
2
Calculate the highest common factor of 36 and 5761404.
36
What is the highest common factor of 157583 and 37?
37
What is the highest common factor of 960 and 30945?
15
What is the highest common divisor of 30 and 2260?
10
What is the greatest common divisor of 99 and 67491?
9
Calculate the highest common factor of 2 and 7572.
2
What is the greatest common divisor of 26 and 21580?
26
Calculate the greatest common divisor of 39684 and 108.
12
What is the greatest common divisor of 16884 and 737?
67
Calculate the highest common factor of 229428 and 12.
12
What is the greatest common factor of 109274 and 44?
22
Calculate the greatest common factor of 3635 and 4115.
5
What is the greatest common factor of 420 and 273105?
105
Calculate the highest common factor of 42 and 543795.
21
Calculate the highest common factor of 20146 and 2898.
14
Calculate the highest common divisor of 5334 and 132.
6
What is the highest common divisor of 733856 and 34?
34
What is the highest common divisor of 608 and 43296?
32
What is the highest common factor of 96307 and 772?
193
Calculate the highest common divisor of 42 and 13368.
6
Calculate the highest common factor of 3102 and 2632.
94
Calculate the highest common divisor of 32 and 2981008.
16
What is the greatest common divisor of 123992 and 88?
88
Calculate the greatest common factor of 152250 and 350.
350
What is the highest common factor of 6685 and 175?
35
What is the highest common factor of 197805 and 15?
15
What is the greatest common divisor of 6 and 17032?
2
What is the greatest common divisor of 42 and 1410738?
42
What is the greatest common factor of 811320 and 4?
4
What is the greatest common factor of 32476 and 23?
23
Calculate the highest common divisor of 192 and 39984.
48
Calculate the highest common divisor of 4559 and 19400.
97
What is the highest common factor of 51 and 287317?
17
Calculate the greatest common factor of 95 and 20720.
5
What is the highest common factor of 63900 and 1125?
225
What is the greatest common divisor of 44975 and 175?
175
What is the highest common divisor of 1120 and 1296064?
224
Calculate the highest common factor of 14490 and 1860.
30
What is the highest common factor of 9690 and 456?
114
What is the highest common divisor of 1392 and 948?
12
Calculate the highest common factor of 1468 and 137258.
734
What is the highest common factor of 18630 and 3910?
230
Calculate the highest common divisor of 7340 and 660.
20
What is the greatest common factor of 850 and 53150?
50
Calculate the highest common factor of 77715 and 15.
15
Calculate the greatest common factor of 5 and 1862625.
5
What is the highest common divisor of 378 and 626346?
378
What is the highest common factor of 68888 and 28914?
158
What is the greatest common factor of 1704 and 102524?
284
Calculate the greatest common divisor of 77 and 23401.
7
Calculate the greatest common factor of 407052 and 972.
108
Calculate the greatest common divisor of 3916 and 17444.
356
Calculate the highest common divisor of 784 and 328300.
196
Calculate the highest common factor of 20100 and 22950.
150
What is the greatest common factor of 18560 and 6784?
128
What is the highest common factor of 108 and 381564?
108
Calculate the greatest common factor of 2407 and 29.
29
What is the highest common factor of 804 and 34773?
201
What is the greatest common factor of 35 and 30815?
5
What is the greatest common divisor of 2067 and 424?
53
What is the greatest common divisor of 25176 and 120?
24
Calculate the greatest common factor of 2249 and 637.
13
Calculate the highest common factor of 7943 and 4465.
47
Calculate the highest common factor of 667026 and 234.
18
What is the greatest common divisor of 48 and 24432?
48
Calculate the highest common divisor of 33 and 408551.
11
What is the highest common divisor of 56 and 899192?
56
Calculate the highest common divisor of 736 and 59072.
32
What is the greatest common divisor of 257 and 1121291?
257
What is the highest common divisor of 2212821 and 78?
39
What is the greatest common divisor of 6944 and 452228?
868
What is the greatest common factor of 240 and 2018928?
48
Calculate the highest common divisor of 13334 and 20178.
118
Calculate the greatest common factor of 3965 and 10.
5
What is the highest common factor of 32960 and 320?
320
What is the highest common factor of 21 and 125055?
21
Calculate the highest common divisor of 288 and 1013652.
36
What is the highest common divisor of 3364 and 928?
116
What is the highest common factor of 4942454 and 248?
62
What is the highest common divisor of 130 and 52130?
130
What is the highest common divisor of 111830 and 1266?
422
Calculate the highest common factor of 815 and 196415.
815
Calculate the highest common factor of 43680 and 630.
210
What is the greatest common divisor of 32030 and 50?
10
Calculate the highest common factor of 27268 and 238.
34
What is the highest common factor of 5506457 and 22?
11
Calculate the greatest common factor of 10 and 42810.
10
Calculate the greatest common divisor of 1796093 and 299.
299
Calculate the highest common factor of 8338 and 748.
22
What is the greatest common divisor of 336 and 847056?
336
What is the highest common factor of 208 and 118944?
16
What is the greatest common factor of 6534 and 7502?
242
Calculate the highest common factor of 9423 and 351.
27
Calculate the highest common divisor of 68 and 261103.
17
What is the greatest common divisor of 467880 and 672?
168
What is the highest common divisor of 206076 and 2132?
52
What is the highest common factor of 295560 and 1800?
360
Calculate the greatest common factor of 77835 and 5.
5
Calculate the greatest common factor of 1664026 and 728.
182
What is the highest common factor of 11 and 215116?
11
What is the highest common divisor of 6 and 88626?
6
Calculate the greatest common factor of 224 and 27040.
32
Calculate the highest common factor of 632 and 790.
158
What is the highest common factor of 53460 and 130?
10
What is the greatest common factor of 771 and 3479523?
771
Calculate the highest common divisor of 1783328 and 1472.
736
Calculate the highest common factor of 540 and 3615.
15
What is the greatest common divisor of 29732 and 8?
4
Calculate the greatest common factor of 21814 and 442.
26
Calculate the greatest common divisor of 373640 and 820.
20
What is the greatest common factor of 385056 and 4704?
672
Calculate the greatest common factor of 558079 and 626.
313
What is the highest common divisor of 1605756 and 48?
12
What is the highest common factor of 8 and 1260632?
8
Calculate the greatest common factor of 3192 and 5912.
8
Calculate the highest common divisor of 25 and 8471725.
25
Calculate the greatest common divisor of 90032 and 102.
34
What is the greatest common factor of 1617 and 45122?
77
Calculate the highest common factor of 33 and 57849.
33
What is the highest common divisor of 58653 and 513?
171
